{"id":436,"date":"2025-06-06T15:42:14","date_gmt":"2025-06-06T13:42:14","guid":{"rendered":"https:\/\/klimatyzacje.uwb.pl\/?page_id=436"},"modified":"2025-06-06T17:38:45","modified_gmt":"2025-06-06T15:38:45","slug":"pytania-i-odpowiedzi","status":"publish","type":"page","link":"https:\/\/klima-krak.pl\/index.php\/pytania-i-odpowiedzi\/","title":{"rendered":"Pytania i odpowiedzi"},"content":{"rendered":"\t\t<div data-elementor-type=\"wp-page\" data-elementor-id=\"436\" class=\"elementor elementor-436\" data-elementor-post-type=\"page\">\n\t\t\t\t\t\t<section class=\"elementor-section elementor-top-section elementor-element elementor-element-198d6b67 elementor-section-boxed elementor-section-height-default elementor-section-height-default\" data-id=\"198d6b67\" data-element_type=\"section\" data-settings=\"{&quot;background_background&quot;:&quot;classic&quot;,&quot;shape_divider_bottom&quot;:&quot;waves&quot;,&quot;shape_divider_bottom_negative&quot;:&quot;yes&quot;}\">\n\t\t\t\t\t<div class=\"elementor-shape elementor-shape-bottom\" aria-hidden=\"true\" data-negative=\"true\">\n\t\t\t<svg xmlns=\"http:\/\/www.w3.org\/2000\/svg\" viewBox=\"0 0 1000 100\" preserveAspectRatio=\"none\">\n\t<path class=\"elementor-shape-fill\" d=\"M790.5,93.1c-59.3-5.3-116.8-18-192.6-50c-29.6-12.7-76.9-31-100.5-35.9c-23.6-4.9-52.6-7.8-75.5-5.3\n\tc-10.2,1.1-22.6,1.4-50.1,7.4c-27.2,6.3-58.2,16.6-79.4,24.7c-41.3,15.9-94.9,21.9-134,22.6C72,58.2,0,25.8,0,25.8V100h1000V65.3\n\tc0,0-51.5,19.4-106.2,25.7C839.5,97,814.1,95.2,790.5,93.1z\"\/>\n<\/svg>\t\t<\/div>\n\t\t\t\t\t<div class=\"elementor-container elementor-column-gap-default\">\n\t\t\t\t\t<div class=\"elementor-column elementor-col-50 elementor-top-column elementor-element elementor-element-5b68294c\" data-id=\"5b68294c\" data-element_type=\"column\">\n\t\t\t<div class=\"elementor-widget-wrap elementor-element-populated\">\n\t\t\t\t\t\t<div class=\"elementor-element elementor-element-7bbb8986 elementor-widget elementor-widget-image\" data-id=\"7bbb8986\" data-element_type=\"widget\" data-widget_type=\"image.default\">\n\t\t\t\t<div class=\"elementor-widget-container\">\n\t\t\t\t\t\t\t\t\t\t\t\t\t\t\t<img fetchpriority=\"high\" decoding=\"async\" width=\"1500\" height=\"1004\" src=\"https:\/\/klima-krak.pl\/wp-content\/uploads\/2025\/06\/746.jpg\" class=\"attachment-full size-full wp-image-464\" alt=\"\" srcset=\"https:\/\/klima-krak.pl\/wp-content\/uploads\/2025\/06\/746.jpg 1500w, https:\/\/klima-krak.pl\/wp-content\/uploads\/2025\/06\/746-300x201.jpg 300w, https:\/\/klima-krak.pl\/wp-content\/uploads\/2025\/06\/746-1024x685.jpg 1024w, https:\/\/klima-krak.pl\/wp-content\/uploads\/2025\/06\/746-768x514.jpg 768w\" sizes=\"(max-width: 1500px) 100vw, 1500px\" \/>\t\t\t\t\t\t\t\t\t\t\t\t\t\t\t<\/div>\n\t\t\t\t<\/div>\n\t\t\t\t<div class=\"elementor-element elementor-element-76179931 elementor-widget__width-auto elementor-absolute elementor-view-default elementor-widget elementor-widget-icon\" data-id=\"76179931\" data-element_type=\"widget\" data-settings=\"{&quot;_position&quot;:&quot;absolute&quot;}\" data-widget_type=\"icon.default\">\n\t\t\t\t<div class=\"elementor-widget-container\">\n\t\t\t\t\t\t\t<div class=\"elementor-icon-wrapper\">\n\t\t\t<div class=\"elementor-icon\">\n\t\t\t<svg xmlns=\"http:\/\/www.w3.org\/2000\/svg\" id=\"bd9a937a-60f3-4c44-ad7c-dcb28e2de4ed\" data-name=\"Layer 1\" width=\"1216\" height=\"1216\" viewBox=\"0 0 1216 1216\"><g id=\"a8d78863-61ea-4b6b-9902-1eb669df0752\" data-name=\"Design\"><path id=\"bb8d365d-81e6-4e2d-abba-4e6b80f1088f\" data-name=\"Oval\" d=\"M608,0C272.2109,0,0,272.2109,0,608s272.2109,608,608,608,608-272.2109,608-608S943.7891,0,608,0Zm0,80c291.6063,0,528,236.3936,528,528s-236.3937,528-528,528S80,899.6063,80,608,316.3936,80,608,80Z\"><\/path><\/g><\/svg>\t\t\t<\/div>\n\t\t<\/div>\n\t\t\t\t\t\t<\/div>\n\t\t\t\t<\/div>\n\t\t\t\t\t<\/div>\n\t\t<\/div>\n\t\t\t\t<div class=\"elementor-column elementor-col-50 elementor-top-column elementor-element elementor-element-1642ab6f\" data-id=\"1642ab6f\" data-element_type=\"column\">\n\t\t\t<div class=\"elementor-widget-wrap elementor-element-populated\">\n\t\t\t\t\t\t<div class=\"elementor-element elementor-element-7b7657fd elementor-widget elementor-widget-heading\" data-id=\"7b7657fd\" data-element_type=\"widget\" data-widget_type=\"heading.default\">\n\t\t\t\t<div class=\"elementor-widget-container\">\n\t\t\t\t\t<h2 class=\"elementor-heading-title elementor-size-default\">FAQ<\/h2>\t\t\t\t<\/div>\n\t\t\t\t<\/div>\n\t\t\t\t<div class=\"elementor-element elementor-element-864f34f elementor-widget elementor-widget-heading\" data-id=\"864f34f\" data-element_type=\"widget\" data-widget_type=\"heading.default\">\n\t\t\t\t<div class=\"elementor-widget-container\">\n\t\t\t\t\t<h2 class=\"elementor-heading-title elementor-size-default\">Masz pytanie? Sprawd\u017a odpowied\u017a!<\/h2>\t\t\t\t<\/div>\n\t\t\t\t<\/div>\n\t\t\t\t<div class=\"elementor-element elementor-element-322081d3 elementor-widget elementor-widget-text-editor\" data-id=\"322081d3\" data-element_type=\"widget\" data-widget_type=\"text-editor.default\">\n\t\t\t\t<div class=\"elementor-widget-container\">\n\t\t\t\t\t\t\t\t\t<p class=\"p1\">Zdajemy sobie spraw\u0119, \u017ce zakup i monta\u017c klimatyzacji mo\u017ce budzi\u0107 wiele w\u0105tpliwo\u015bci. Dlatego przygotowali\u015bmy odpowiedzi na najcz\u0119\u015bciej pojawiaj\u0105ce si\u0119 pytania naszych klient\u00f3w. Zach\u0119camy do zapoznania si\u0119 z poni\u017cszymi informacjami \u2013 by\u0107 mo\u017ce znajdziesz tu odpowied\u017a na swoje pytanie!<\/p>\t\t\t\t\t\t\t\t<\/div>\n\t\t\t\t<\/div>\n\t\t\t\t\t<\/div>\n\t\t<\/div>\n\t\t\t\t\t<\/div>\n\t\t<\/section>\n\t\t\t\t<section class=\"elementor-section elementor-top-section elementor-element elementor-element-72ecedab elementor-section-boxed elementor-section-height-default elementor-section-height-default\" data-id=\"72ecedab\" data-element_type=\"section\" data-settings=\"{&quot;background_background&quot;:&quot;classic&quot;}\">\n\t\t\t\t\t\t<div class=\"elementor-container elementor-column-gap-default\">\n\t\t\t\t\t<div class=\"elementor-column elementor-col-100 elementor-top-column elementor-element elementor-element-51a251\" data-id=\"51a251\" data-element_type=\"column\">\n\t\t\t<div class=\"elementor-widget-wrap elementor-element-populated\">\n\t\t\t\t\t\t<section class=\"elementor-section elementor-inner-section elementor-element elementor-element-29aaf63e elementor-section-boxed elementor-section-height-default elementor-section-height-default\" data-id=\"29aaf63e\" data-element_type=\"section\" data-settings=\"{&quot;background_background&quot;:&quot;classic&quot;}\">\n\t\t\t\t\t\t<div class=\"elementor-container elementor-column-gap-default\">\n\t\t\t\t\t<div class=\"elementor-column elementor-col-100 elementor-inner-column elementor-element elementor-element-642450de\" data-id=\"642450de\" data-element_type=\"column\">\n\t\t\t<div class=\"elementor-widget-wrap elementor-element-populated\">\n\t\t\t\t\t\t<div class=\"elementor-element elementor-element-447200cc elementor-widget elementor-widget-heading\" data-id=\"447200cc\" data-element_type=\"widget\" data-widget_type=\"heading.default\">\n\t\t\t\t<div class=\"elementor-widget-container\">\n\t\t\t\t\t<h3 class=\"elementor-heading-title elementor-size-default\">FAQ<\/h3>\t\t\t\t<\/div>\n\t\t\t\t<\/div>\n\t\t\t\t<div class=\"elementor-element elementor-element-53bb4cc0 elementor-widget elementor-widget-heading\" data-id=\"53bb4cc0\" data-element_type=\"widget\" data-widget_type=\"heading.default\">\n\t\t\t\t<div class=\"elementor-widget-container\">\n\t\t\t\t\t<h2 class=\"elementor-heading-title elementor-size-default\">Pytania i odpowiedzi<\/h2>\t\t\t\t<\/div>\n\t\t\t\t<\/div>\n\t\t\t\t\t<\/div>\n\t\t<\/div>\n\t\t\t\t\t<\/div>\n\t\t<\/section>\n\t\t\t\t\t<\/div>\n\t\t<\/div>\n\t\t\t\t\t<\/div>\n\t\t<\/section>\n\t\t\t\t<section class=\"elementor-section elementor-top-section elementor-element elementor-element-4353404e elementor-section-boxed elementor-section-height-default elementor-section-height-default\" data-id=\"4353404e\" data-element_type=\"section\" data-settings=\"{&quot;background_background&quot;:&quot;classic&quot;}\">\n\t\t\t\t\t\t<div class=\"elementor-container elementor-column-gap-default\">\n\t\t\t\t\t<div class=\"elementor-column elementor-col-100 elementor-top-column elementor-element elementor-element-4d1b552c\" data-id=\"4d1b552c\" data-element_type=\"column\" data-settings=\"{&quot;background_background&quot;:&quot;classic&quot;}\">\n\t\t\t<div class=\"elementor-widget-wrap elementor-element-populated\">\n\t\t\t\t\t\t<section class=\"elementor-section elementor-inner-section elementor-element elementor-element-7169e74d elementor-section-full_width elementor-section-height-default elementor-section-height-default\" data-id=\"7169e74d\" data-element_type=\"section\">\n\t\t\t\t\t\t<div class=\"elementor-container elementor-column-gap-default\">\n\t\t\t\t\t<div class=\"elementor-column elementor-col-100 elementor-inner-column elementor-element elementor-element-7b89a843\" data-id=\"7b89a843\" data-element_type=\"column\" data-settings=\"{&quot;background_background&quot;:&quot;classic&quot;}\">\n\t\t\t<div class=\"elementor-widget-wrap elementor-element-populated\">\n\t\t\t\t\t\t<div class=\"elementor-element elementor-element-4ba74a88 elementor-widget elementor-widget-n-accordion\" data-id=\"4ba74a88\" data-element_type=\"widget\" data-settings=\"{&quot;default_state&quot;:&quot;expanded&quot;,&quot;max_items_expended&quot;:&quot;one&quot;,&quot;n_accordion_animation_duration&quot;:{&quot;unit&quot;:&quot;ms&quot;,&quot;size&quot;:400,&quot;sizes&quot;:[]}}\" data-widget_type=\"nested-accordion.default\">\n\t\t\t\t<div class=\"elementor-widget-container\">\n\t\t\t\t\t\t\t<div class=\"e-n-accordion\" aria-label=\"Accordion. Open links with Enter or Space, close with Escape, and navigate with Arrow Keys\">\n\t\t\t\t\t\t<details id=\"e-n-accordion-item-1260\" class=\"e-n-accordion-item\" open>\n\t\t\t\t<summary class=\"e-n-accordion-item-title\" data-accordion-index=\"1\" tabindex=\"0\" aria-expanded=\"true\" aria-controls=\"e-n-accordion-item-1260\" >\n\t\t\t\t\t<span class='e-n-accordion-item-title-header'><div class=\"e-n-accordion-item-title-text\"> Dlaczego nie warto dokonywa\u0107 zakupu klimatyzacji na w\u0142asn\u0105 r\u0119k\u0119? <\/div><\/span>\n\t\t\t\t\t\t\t<span class='e-n-accordion-item-title-icon'>\n\t\t\t<span class='e-opened' ><svg aria-hidden=\"true\" class=\"e-font-icon-svg e-fas-minus\" viewBox=\"0 0 448 512\" xmlns=\"http:\/\/www.w3.org\/2000\/svg\"><path d=\"M416 208H32c-17.67 0-32 14.33-32 32v32c0 17.67 14.33 32 32 32h384c17.67 0 32-14.33 32-32v-32c0-17.67-14.33-32-32-32z\"><\/path><\/svg><\/span>\n\t\t\t<span class='e-closed'><svg aria-hidden=\"true\" class=\"e-font-icon-svg e-fas-plus\" viewBox=\"0 0 448 512\" xmlns=\"http:\/\/www.w3.org\/2000\/svg\"><path d=\"M416 208H272V64c0-17.67-14.33-32-32-32h-32c-17.67 0-32 14.33-32 32v144H32c-17.67 0-32 14.33-32 32v32c0 17.67 14.33 32 32 32h144v144c0 17.67 14.33 32 32 32h32c17.67 0 32-14.33 32-32V304h144c17.67 0 32-14.33 32-32v-32c0-17.67-14.33-32-32-32z\"><\/path><\/svg><\/span>\n\t\t<\/span>\n\n\t\t\t\t\t\t<\/summary>\n\t\t\t\t<div role=\"region\" aria-labelledby=\"e-n-accordion-item-1260\" class=\"elementor-element elementor-element-3a2f5ffc e-con-full e-flex e-con e-child\" data-id=\"3a2f5ffc\" data-element_type=\"container\">\n\t\t\t\t<div class=\"elementor-element elementor-element-1be784a4 elementor-widget elementor-widget-text-editor\" data-id=\"1be784a4\" data-element_type=\"widget\" data-widget_type=\"text-editor.default\">\n\t\t\t\t<div class=\"elementor-widget-container\">\n\t\t\t\t\t\t\t\t\t<p>Samodzielny zakup klimatyzatora jest nielegalny. Nie posiadaj\u0105c uprawnie\u0144 f-gaz mo\u017cecie go Pa\u0144stwo kupi\u0107 wy\u0142\u0105cznie przy wype\u0142nieniu o\u015bwiadczenia u sprzedawcy o dalszej odsprzeda\u017cy. W przeciwnym wypadku nara\u017cacie si\u0119 na kary finansowe rz\u0119du nawet 15 tysi\u0119cy z\u0142otych. Reasumuj\u0105c \u2013 legalnie mo\u017cecie go zakupi\u0107 wy\u0142\u0105cznie w firmach zajmuj\u0105cych si\u0119 monta\u017cem takich urz\u0105dze\u0144 \u2013 np. u nas. Klimatyzatory zawieraj\u0105 fluorowane gazy cieplarniane R32 a ich obr\u00f3t jest \u015bci\u015ble kontrolowany zgodnie z art. 22 ust.1 ustawy z dnia 15 maja 2015 roku. Stosowne urz\u0119dy bardzo cz\u0119sto dokonuj\u0105 tzw. \u201ekontroli\u201d krzy\u017cowych na zasadzie czy zakupiony do dalszej odsprzeda\u017cy klimatyzator zosta\u0142 faktycznie odsprzedany.<\/p>\t\t\t\t\t\t\t\t<\/div>\n\t\t\t\t<\/div>\n\t\t\t\t<\/div>\n\t\t\t\t\t<\/details>\n\t\t\t\t\t\t<details id=\"e-n-accordion-item-1261\" class=\"e-n-accordion-item\" >\n\t\t\t\t<summary class=\"e-n-accordion-item-title\" data-accordion-index=\"2\" tabindex=\"-1\" aria-expanded=\"false\" aria-controls=\"e-n-accordion-item-1261\" >\n\t\t\t\t\t<span class='e-n-accordion-item-title-header'><div class=\"e-n-accordion-item-title-text\"> Czy zakup klimatyzacji na w\u0142asn\u0105 r\u0119k\u0119 w og\u00f3le si\u0119 op\u0142aca pomijaj\u0105c kwestie legalno\u015bci? <\/div><\/span>\n\t\t\t\t\t\t\t<span class='e-n-accordion-item-title-icon'>\n\t\t\t<span class='e-opened' ><svg aria-hidden=\"true\" class=\"e-font-icon-svg e-fas-minus\" viewBox=\"0 0 448 512\" xmlns=\"http:\/\/www.w3.org\/2000\/svg\"><path d=\"M416 208H32c-17.67 0-32 14.33-32 32v32c0 17.67 14.33 32 32 32h384c17.67 0 32-14.33 32-32v-32c0-17.67-14.33-32-32-32z\"><\/path><\/svg><\/span>\n\t\t\t<span class='e-closed'><svg aria-hidden=\"true\" class=\"e-font-icon-svg e-fas-plus\" viewBox=\"0 0 448 512\" xmlns=\"http:\/\/www.w3.org\/2000\/svg\"><path d=\"M416 208H272V64c0-17.67-14.33-32-32-32h-32c-17.67 0-32 14.33-32 32v144H32c-17.67 0-32 14.33-32 32v32c0 17.67 14.33 32 32 32h144v144c0 17.67 14.33 32 32 32h32c17.67 0 32-14.33 32-32V304h144c17.67 0 32-14.33 32-32v-32c0-17.67-14.33-32-32-32z\"><\/path><\/svg><\/span>\n\t\t<\/span>\n\n\t\t\t\t\t\t<\/summary>\n\t\t\t\t<div role=\"region\" aria-labelledby=\"e-n-accordion-item-1261\" class=\"elementor-element elementor-element-39e1725f e-con-full e-flex e-con e-child\" data-id=\"39e1725f\" data-element_type=\"container\">\n\t\t\t\t<div class=\"elementor-element elementor-element-37b786c elementor-widget elementor-widget-text-editor\" data-id=\"37b786c\" data-element_type=\"widget\" data-widget_type=\"text-editor.default\">\n\t\t\t\t<div class=\"elementor-widget-container\">\n\t\t\t\t\t\t\t\t\t<p>Nie, nie op\u0142aca si\u0119. Nawet je\u015bli jakim\u015b cudem uda si\u0119 Pa\u0144stwu zakupi\u0107 urz\u0105dzenie gdzie\u015b w internecie taniej o 10% ni\u017c u nas, to w\u00f3wczas sam monta\u017c obj\u0119ty jest podwy\u017cszonym podatkiem VAT w wysoko\u015bci 23%. Zakup urz\u0105dzenia wraz z monta\u017cem w naszej firmie obj\u0119ty jest natomiast podatkiem VAT w wysoko\u015bci 8%. Stawki podatku VAT wynikaj\u0105 z obowi\u0105zuj\u0105cych przepis\u00f3w prawa i stosuj\u0105 go wszystkie firmy.<\/p><p>Ponadto kupuj\u0105c urz\u0105dzenie u nas wraz z monta\u017cem to my stajemy si\u0119 gwarantem sprz\u0119tu \u2013 w przypadku jakichkolwiek napraw gwarancyjnych s\u0105 one realizowane bezp\u0142atnie. <br \/>Je\u015bli urz\u0105dzenie nie zosta\u0142o zakupione u nas &#8211; w\u00f3wczas gwarantem sprz\u0119tu jest firma kt\u00f3ra sprzeda\u0142a Pa\u0144stwu urz\u0105dzenie. Zatem nasz przyjazd celem ustalenia usterki oraz ponowna wizyta celem wymiany uszkodzonych podzespo\u0142\u00f3w s\u0105 us\u0142ug\u0105 p\u0142atn\u0105, gdy\u017c to nie my sprzedali\u015bmy Pa\u0144stwu sprz\u0119t i nie jeste\u015bmy jego gwarantem.<\/p><p>To \u201einteres\u201d nielegalny, kompletnie nieop\u0142acalny i wi\u0105\u017c\u0105cy si\u0119 z p\u0142atnymi naprawami gwarancyjnymi.<\/p>\t\t\t\t\t\t\t\t<\/div>\n\t\t\t\t<\/div>\n\t\t\t\t<\/div>\n\t\t\t\t\t<\/details>\n\t\t\t\t\t\t<details id=\"e-n-accordion-item-1262\" class=\"e-n-accordion-item\" >\n\t\t\t\t<summary class=\"e-n-accordion-item-title\" data-accordion-index=\"3\" tabindex=\"-1\" aria-expanded=\"false\" aria-controls=\"e-n-accordion-item-1262\" >\n\t\t\t\t\t<span class='e-n-accordion-item-title-header'><div class=\"e-n-accordion-item-title-text\"> Dlaczego nie warto montowa\u0107 klimatyzacji samodzielnie? <\/div><\/span>\n\t\t\t\t\t\t\t<span class='e-n-accordion-item-title-icon'>\n\t\t\t<span class='e-opened' ><svg aria-hidden=\"true\" class=\"e-font-icon-svg e-fas-minus\" viewBox=\"0 0 448 512\" xmlns=\"http:\/\/www.w3.org\/2000\/svg\"><path d=\"M416 208H32c-17.67 0-32 14.33-32 32v32c0 17.67 14.33 32 32 32h384c17.67 0 32-14.33 32-32v-32c0-17.67-14.33-32-32-32z\"><\/path><\/svg><\/span>\n\t\t\t<span class='e-closed'><svg aria-hidden=\"true\" class=\"e-font-icon-svg e-fas-plus\" viewBox=\"0 0 448 512\" xmlns=\"http:\/\/www.w3.org\/2000\/svg\"><path d=\"M416 208H272V64c0-17.67-14.33-32-32-32h-32c-17.67 0-32 14.33-32 32v144H32c-17.67 0-32 14.33-32 32v32c0 17.67 14.33 32 32 32h144v144c0 17.67 14.33 32 32 32h32c17.67 0 32-14.33 32-32V304h144c17.67 0 32-14.33 32-32v-32c0-17.67-14.33-32-32-32z\"><\/path><\/svg><\/span>\n\t\t<\/span>\n\n\t\t\t\t\t\t<\/summary>\n\t\t\t\t<div role=\"region\" aria-labelledby=\"e-n-accordion-item-1262\" class=\"elementor-element elementor-element-bf22fc3 e-con-full e-flex e-con e-child\" data-id=\"bf22fc3\" data-element_type=\"container\">\n\t\t\t\t<div class=\"elementor-element elementor-element-165df60d elementor-widget elementor-widget-text-editor\" data-id=\"165df60d\" data-element_type=\"widget\" data-widget_type=\"text-editor.default\">\n\t\t\t\t<div class=\"elementor-widget-container\">\n\t\t\t\t\t\t\t\t\t<p>Pomijaj\u0105c kwesti\u0119 legalno\u015bci, samodzielny monta\u017c klimatyzacji wymaga nie tylko wiedzy i umiej\u0119tno\u015bci ale r\u00f3wnie\u017c posiadania wielu specjalistycznych narz\u0119dzi oraz materia\u0142\u00f3w: pompy pr\u00f3\u017cniowej, kluczy dynamomentrycznych, manometr\u00f3w, rur miedzianych, pr\u0119t\u00f3w do gi\u0119cia rur, wiertnicy wraz z koron\u0105, m\u0142ota do kucia oraz wielu innych.<\/p><p>Bardzo cz\u0119sto wi\u0105\u017ce si\u0119 to ze strat\u0105 czasu, nieprawid\u0142owym dzia\u0142aniem lub uszkodzeniem urz\u0105dzenia.<\/p><p>Ponadto samodzielny monta\u017c wi\u0105\u017ce si\u0119 z ca\u0142kowit\u0105 utrat\u0105 gwarancji na urz\u0105dzenie (w przypadku napraw gwarancyjnych ka\u017cdy producent wymaga przed\u0142o\u017cenia faktury VAT monta\u017cu przez osob\u0119 posiadaj\u0105c\u0105 uprawnienia f-gaz)<\/p>\t\t\t\t\t\t\t\t<\/div>\n\t\t\t\t<\/div>\n\t\t\t\t<\/div>\n\t\t\t\t\t<\/details>\n\t\t\t\t\t\t<details id=\"e-n-accordion-item-1263\" class=\"e-n-accordion-item\" >\n\t\t\t\t<summary class=\"e-n-accordion-item-title\" data-accordion-index=\"4\" tabindex=\"-1\" aria-expanded=\"false\" aria-controls=\"e-n-accordion-item-1263\" >\n\t\t\t\t\t<span class='e-n-accordion-item-title-header'><div class=\"e-n-accordion-item-title-text\"> Kiedy konieczne jest dope\u0142nienie instalacji czynnikiem przed uruchomieniem? <\/div><\/span>\n\t\t\t\t\t\t\t<span class='e-n-accordion-item-title-icon'>\n\t\t\t<span class='e-opened' ><svg aria-hidden=\"true\" class=\"e-font-icon-svg e-fas-minus\" viewBox=\"0 0 448 512\" xmlns=\"http:\/\/www.w3.org\/2000\/svg\"><path d=\"M416 208H32c-17.67 0-32 14.33-32 32v32c0 17.67 14.33 32 32 32h384c17.67 0 32-14.33 32-32v-32c0-17.67-14.33-32-32-32z\"><\/path><\/svg><\/span>\n\t\t\t<span class='e-closed'><svg aria-hidden=\"true\" class=\"e-font-icon-svg e-fas-plus\" viewBox=\"0 0 448 512\" xmlns=\"http:\/\/www.w3.org\/2000\/svg\"><path d=\"M416 208H272V64c0-17.67-14.33-32-32-32h-32c-17.67 0-32 14.33-32 32v144H32c-17.67 0-32 14.33-32 32v32c0 17.67 14.33 32 32 32h144v144c0 17.67 14.33 32 32 32h32c17.67 0 32-14.33 32-32V304h144c17.67 0 32-14.33 32-32v-32c0-17.67-14.33-32-32-32z\"><\/path><\/svg><\/span>\n\t\t<\/span>\n\n\t\t\t\t\t\t<\/summary>\n\t\t\t\t<div role=\"region\" aria-labelledby=\"e-n-accordion-item-1263\" class=\"elementor-element elementor-element-2249eca6 e-con-full e-flex e-con e-child\" data-id=\"2249eca6\" data-element_type=\"container\">\n\t\t\t\t<div class=\"elementor-element elementor-element-7da001a8 elementor-widget elementor-widget-text-editor\" data-id=\"7da001a8\" data-element_type=\"widget\" data-widget_type=\"text-editor.default\">\n\t\t\t\t<div class=\"elementor-widget-container\">\n\t\t\t\t\t\t\t\t\t<p>Jednostki zewn\u0119trzne zawieraj\u0105 ju\u017c czynnik R32 jednak wystarcza go na maksymalnie 4,5 metra instalacji freonowej. Reasumuj\u0105c \u2013 je\u015bli odleg\u0142o\u015b\u0107 mi\u0119dzy jednostk\u0105 zewn\u0119trzn\u0105 a wewn\u0119trzn\u0105 (mierz\u0105c po rurkach miedzianych) jest wi\u0119ksza ni\u017c 4,5 metra to konieczne b\u0119dzie dope\u0142nienie instalacji czynnikiem.<span class=\"Apple-converted-space\">\u00a0<\/span><\/p>\t\t\t\t\t\t\t\t<\/div>\n\t\t\t\t<\/div>\n\t\t\t\t<\/div>\n\t\t\t\t\t<\/details>\n\t\t\t\t\t\t<details id=\"e-n-accordion-item-1264\" class=\"e-n-accordion-item\" >\n\t\t\t\t<summary class=\"e-n-accordion-item-title\" data-accordion-index=\"5\" tabindex=\"-1\" aria-expanded=\"false\" aria-controls=\"e-n-accordion-item-1264\" >\n\t\t\t\t\t<span class='e-n-accordion-item-title-header'><div class=\"e-n-accordion-item-title-text\"> Ile trwa kompleksowy monta\u017c klimatyzacji? <\/div><\/span>\n\t\t\t\t\t\t\t<span class='e-n-accordion-item-title-icon'>\n\t\t\t<span class='e-opened' ><svg aria-hidden=\"true\" class=\"e-font-icon-svg e-fas-minus\" viewBox=\"0 0 448 512\" xmlns=\"http:\/\/www.w3.org\/2000\/svg\"><path d=\"M416 208H32c-17.67 0-32 14.33-32 32v32c0 17.67 14.33 32 32 32h384c17.67 0 32-14.33 32-32v-32c0-17.67-14.33-32-32-32z\"><\/path><\/svg><\/span>\n\t\t\t<span class='e-closed'><svg aria-hidden=\"true\" class=\"e-font-icon-svg e-fas-plus\" viewBox=\"0 0 448 512\" xmlns=\"http:\/\/www.w3.org\/2000\/svg\"><path d=\"M416 208H272V64c0-17.67-14.33-32-32-32h-32c-17.67 0-32 14.33-32 32v144H32c-17.67 0-32 14.33-32 32v32c0 17.67 14.33 32 32 32h144v144c0 17.67 14.33 32 32 32h32c17.67 0 32-14.33 32-32V304h144c17.67 0 32-14.33 32-32v-32c0-17.67-14.33-32-32-32z\"><\/path><\/svg><\/span>\n\t\t<\/span>\n\n\t\t\t\t\t\t<\/summary>\n\t\t\t\t<div role=\"region\" aria-labelledby=\"e-n-accordion-item-1264\" class=\"elementor-element elementor-element-5541381a e-con-full e-flex e-con e-child\" data-id=\"5541381a\" data-element_type=\"container\">\n\t\t\t\t<div class=\"elementor-element elementor-element-142ad225 elementor-widget elementor-widget-text-editor\" data-id=\"142ad225\" data-element_type=\"widget\" data-widget_type=\"text-editor.default\">\n\t\t\t\t<div class=\"elementor-widget-container\">\n\t\t\t\t\t\t\t\t\t<p>Kompleksowy monta\u017c splita (jedna jednostka wewn\u0119trzna) i jej uruchomienie mo\u017cliwy jest nawet w ci\u0105gu 1 dnia roboczego. Bardziej rozbudowane jednostki multi-split (kilka jednostek wewn\u0119trznych) to 2-3 dni robocze.<\/p>\t\t\t\t\t\t\t\t<\/div>\n\t\t\t\t<\/div>\n\t\t\t\t<\/div>\n\t\t\t\t\t<\/details>\n\t\t\t\t\t\t<details id=\"e-n-accordion-item-1265\" class=\"e-n-accordion-item\" >\n\t\t\t\t<summary class=\"e-n-accordion-item-title\" data-accordion-index=\"6\" tabindex=\"-1\" aria-expanded=\"false\" aria-controls=\"e-n-accordion-item-1265\" >\n\t\t\t\t\t<span class='e-n-accordion-item-title-header'><div class=\"e-n-accordion-item-title-text\"> Dlaczego nie prezentujecie na swojej stronie urz\u0105dze\u0144 wraz z ich cenami? <\/div><\/span>\n\t\t\t\t\t\t\t<span class='e-n-accordion-item-title-icon'>\n\t\t\t<span class='e-opened' ><svg aria-hidden=\"true\" class=\"e-font-icon-svg e-fas-minus\" viewBox=\"0 0 448 512\" xmlns=\"http:\/\/www.w3.org\/2000\/svg\"><path d=\"M416 208H32c-17.67 0-32 14.33-32 32v32c0 17.67 14.33 32 32 32h384c17.67 0 32-14.33 32-32v-32c0-17.67-14.33-32-32-32z\"><\/path><\/svg><\/span>\n\t\t\t<span class='e-closed'><svg aria-hidden=\"true\" class=\"e-font-icon-svg e-fas-plus\" viewBox=\"0 0 448 512\" xmlns=\"http:\/\/www.w3.org\/2000\/svg\"><path d=\"M416 208H272V64c0-17.67-14.33-32-32-32h-32c-17.67 0-32 14.33-32 32v144H32c-17.67 0-32 14.33-32 32v32c0 17.67 14.33 32 32 32h144v144c0 17.67 14.33 32 32 32h32c17.67 0 32-14.33 32-32V304h144c17.67 0 32-14.33 32-32v-32c0-17.67-14.33-32-32-32z\"><\/path><\/svg><\/span>\n\t\t<\/span>\n\n\t\t\t\t\t\t<\/summary>\n\t\t\t\t<div role=\"region\" aria-labelledby=\"e-n-accordion-item-1265\" class=\"elementor-element elementor-element-55a50b3a e-con-full e-flex e-con e-child\" data-id=\"55a50b3a\" data-element_type=\"container\">\n\t\t\t\t<div class=\"elementor-element elementor-element-298e88b3 elementor-widget elementor-widget-text-editor\" data-id=\"298e88b3\" data-element_type=\"widget\" data-widget_type=\"text-editor.default\">\n\t\t\t\t<div class=\"elementor-widget-container\">\n\t\t\t\t\t\t\t\t\t<p>Na rynku dost\u0119pne s\u0105 setki modeli urz\u0105dze\u0144 a ich ceny w hurtowniach zmieniaj\u0105 si\u0119 bardzo dynamicznie w zale\u017cno\u015bci od pory roku i popytu, dlatego aktualizowanie ich na bie\u017c\u0105co by\u0142oby bardzo trudne i czasoch\u0142onne. Oferujemy urz\u0105dzenia wszystkich dost\u0119pnych na rynku marek a ich ceny okre\u015blamy na podstawie wybranego przez Pa\u0144stwa modelu \u2013 kontaktuj\u0105c si\u0119 uprzednio w hurtowni\u0105. W kwestii doboru odpowiedniego urz\u0105dzenia s\u0142u\u017cymy oczywi\u015bcie rad\u0105.<\/p>\t\t\t\t\t\t\t\t<\/div>\n\t\t\t\t<\/div>\n\t\t\t\t<\/div>\n\t\t\t\t\t<\/details>\n\t\t\t\t\t<\/div>\n\t\t\t\t\t\t<\/div>\n\t\t\t\t<\/div>\n\t\t\t\t\t<\/div>\n\t\t<\/div>\n\t\t\t\t\t<\/div>\n\t\t<\/section>\n\t\t\t\t\t<\/div>\n\t\t<\/div>\n\t\t\t\t\t<\/div>\n\t\t<\/section>\n\t\t\t\t<\/div>\n\t\t","protected":false},"excerpt":{"rendered":"<p>FAQ Masz pytanie? Sprawd\u017a odpowied\u017a! Zdajemy sobie spraw\u0119, \u017ce zakup i monta\u017c klimatyzacji mo\u017ce budzi\u0107 wiele w\u0105tpliwo\u015bci. Dlatego przygotowali\u015bmy odpowiedzi na najcz\u0119\u015bciej pojawiaj\u0105ce si\u0119 pytania naszych klient\u00f3w. Zach\u0119camy do zapoznania si\u0119 z poni\u017cszymi informacjami \u2013 by\u0107 mo\u017ce znajdziesz tu odpowied\u017a na swoje pytanie! FAQ Pytania i odpowiedzi Dlaczego nie warto dokonywa\u0107 zakupu klimatyzacji na w\u0142asn\u0105 [&hellip;]<\/p>\n","protected":false},"author":1,"featured_media":0,"parent":0,"menu_order":0,"comment_status":"closed","ping_status":"closed","template":"","meta":{"footnotes":""},"class_list":["post-436","page","type-page","status-publish","hentry"],"_links":{"self":[{"href":"https:\/\/klima-krak.pl\/index.php\/wp-json\/wp\/v2\/pages\/436","targetHints":{"allow":["GET"]}}],"collection":[{"href":"https:\/\/klima-krak.pl\/index.php\/wp-json\/wp\/v2\/pages"}],"about":[{"href":"https:\/\/klima-krak.pl\/index.php\/wp-json\/wp\/v2\/types\/page"}],"author":[{"embeddable":true,"href":"https:\/\/klima-krak.pl\/index.php\/wp-json\/wp\/v2\/users\/1"}],"replies":[{"embeddable":true,"href":"https:\/\/klima-krak.pl\/index.php\/wp-json\/wp\/v2\/comments?post=436"}],"version-history":[{"count":16,"href":"https:\/\/klima-krak.pl\/index.php\/wp-json\/wp\/v2\/pages\/436\/revisions"}],"predecessor-version":[{"id":573,"href":"https:\/\/klima-krak.pl\/index.php\/wp-json\/wp\/v2\/pages\/436\/revisions\/573"}],"wp:attachment":[{"href":"https:\/\/klima-krak.pl\/index.php\/wp-json\/wp\/v2\/media?parent=436"}],"curies":[{"name":"wp","href":"https:\/\/api.w.org\/{rel}","templated":true}]}}